t g(d) = 3*d**2 + 3*d - 2. Let j be g(-5). Suppose 3*b - j = 50. Let u be (-1)/(219/(-72) - -3). Calculate the greatest common divisor of u and b.
12
Suppose 0 = -3*i + 4*i - 13. What is the highest common divisor of 13 and i?
13
Let b be 1/2*2 + 16 + -14. What is the highest common divisor of b and 48?
3
Let c(l) = -2*l + 0 - 9 + l**2 - 11*l. Let g be c(-9). Calculate the greatest common divisor of g and 21.
21
Suppose 3*v = -2*b + b + 58, -5*b + 2 = -v. What is the highest common factor of v and 12?
6
Let s(i) = i - 3. Let n be s(7). Let l(h) = h**2. Let b be l(2). What is the greatest common divisor of n and b?
4
Let m(x) = 2*x**3 - 2*x**2 + 2*x - 3. Let l be m(2). Let d be (-2172)/(-54) - 2/l. What is the greatest common factor of d and 5?
5
Suppose 0 + 16 = 4*h. Suppose 5*s = s + h. Let w be s/(3/51 - 0). Calculate the greatest common factor of 119 and w.
17
Let l = -20 + 49. What is the highest common divisor of 319 and l?
29
Let j be (-710)/(-30) - (-2)/6. Calculate the greatest common divisor of j and 192.
24
Let o = 18 - 17. What is the highest common factor of o and 5?
1
Suppose 3*h + 18 = 4*h. What is the highest common divisor of h and 90?
18
Let w(p) = -2*p**3 + p**2 - 2*p - 3. Let r be 36/60 + (-13)/5. Let u be w(r). What is the highest common divisor of 7 and u?
7
Let b be (-46)/(-5) + (-3)/15. What is the greatest common factor of 9 and b?
9
Suppose 11 = d + 3*h, 0*d = -d + 2*h + 21. Calculate the highest common factor of 17 and d.
17
Suppose -7*c + 6*c - 2*z = -82, -3*c - 3*z = -231. What is the highest common factor of c and 27?
9
Let u = 20 + -14. Let d(v) = -21*v + 1. Let j be d(1). Let t be (-4)/j - 418/(-10). Calculate the highest common divisor of u and t.
6
Let a(n) = -2*n**3 + 16*n**2 - 14*n + 2. Let h be a(6). What is the highest common divisor of h and 217?
31
Let u be -6*(2 - (-68)/(-6)). What is the highest common divisor of u and 7?
7
Let d = 15 + -5. Let n be 2/7 + 60/35. Suppose n*i = i + 15. Calculate the highest common divisor of i and d.
5
Let y = 54 + -82. Let q = 42 + y. Calculate the highest common factor of 98 and q.
14
Let j be 2/((-4)/6) - -3. Suppose 2*d - 22 = -j*d. Calculate the highest common factor of 55 and d.
11
Let n = 6 - -58. Calculate the greatest common factor of n and 16.
16
Let n be (-6)/(-10) - (-132)/30. What is the highest common divisor of 40 and n?
5
Let g be 0 - 3128/(-24) - (-2)/(-6). Calculate the greatest common factor of 10 and g.
10
Let x(a) = -3*a. Let y be x(-3). Calculate the greatest common divisor of y and 72.
9
Let c(a) = -a**2 + 7*a + 8. Let x be c(8). Suppose 2*o + 7 = q - 4, 5*q + 5*o - 10 = x. Let p = 37 + q. Calculate the highest common divisor of 14 and p.
14
Suppose 4*x - 290 = -98. Let d be (3 + -4)/((-2)/68). Suppose -4*i + 4*r + d = -i, i + 5*r = -14. What is the highest common divisor of i and x?
6
Suppose 73 + 2 = 5*m. What is the greatest common divisor of 60 and m?
15
Suppose 129 = 2*q + m, q + 2*m - 3 - 57 = 0. Let w = 13 + 5. Suppose 2*g = -g + w. What is the greatest common divisor of g and q?
6
Suppose 0 = 2*v + 3*k - 65, 5*v - 65 = 5*k + 60. Suppose 0 = -2*x + 3*h + 87, 0*h = -3*x - h + 125. Calculate the highest common divisor of x and v.
14
Let l(p) = 0 + p + 2*p - 2 + 2*p**2. Let k be l(-3). Suppose 4*r - 4*u - 90 = -r, -5*r - 2*u = -60. Calculate the greatest common divisor of r and k.
7
Let n(g) = -g + 3. Let r be n(-3). Let w(a) = 3*a**2. Let m be w(-4). Calculate the highest common divisor of m and r.
6
Let z be (-33*2)/(-3) - -2. What is the greatest common factor of z and 24?
24
Suppose -2*h - g = -25, 5*g + 69 = 5*h + g. Let i = h - -97. What is the highest common divisor of i and 44?
22
Let y = -5 + 45. What is the greatest common divisor of 60 and y?
20
Suppose a = 2*a + 2, -5*p - a + 2198 = 0. Suppose -5*s = -s - p. What is the highest common factor of 22 and s?
22
Suppose 0 = -3*k + 4*f + 5 - 2, -2 = 2*k - 4*f. Let n be (2 + 44/(-10))*-60. Suppose -n = g - k*g. Calculate the greatest common divisor of g and 4.
4
Suppose 360*w = 351*w + 144. Let u = 11 + 3. Suppose 0 = k + 6 - u. What is the highest common divisor of w and k?
8
Let j = -2 - -2. Suppose 5*f + 0*f + 5 = j. Let y = f + 6. Calculate the greatest common divisor of y and 55.
5
Let l(q) = q**2 + 33. Let s(g) = -g**2 + 1. Let y be s(1). Let z be l(y). Suppose -2*m = -m - z. Calculate the greatest common factor of m and 22.
11
Let j(i) = i**2 + 2*i - 1. Let l be j(-3). Let v = -10 + 20. What is the greatest common factor of v and l?
2
Let p(n) = n + 5. Let m be p(0). Let k(t) = 2*t**2 + 3*t. Let y be k(-5). Calculate the greatest common divisor of y and m.
5
Let f(c) be the second derivative of 22*c**3/3 + c**2/2 - 3*c. Let d be f(1). What is the highest common factor of 9 and d?
9
Let t = 38 + -8. Calculate the highest common divisor of 75 and t.
15
Suppose z - 36 = -3*z. Let f be (66/9)/(6/z). Let x(w) = w**3 - 10*w**2 - 10*w + 7. Let g be x(f). What is the greatest common factor of g and 2?
2
Let g be (0/1)/(-3) + 108. Suppose -4*l = -4, 2*d - 22 = -0*d + 2*l. Calculate the highest common divisor of d and g.
12
Let q = -3 - -3. Let z be 1 + q + -3 - -15. Let x be (-576)/(-22) - 34/187. What is the highest common divisor of z and x?
13
Let m(q) = 2*q**2 - 8*q + 6. Let n be m(5). Let j = -69 - -109. What is the highest common factor of j and n?
8
Let b = 108 - 66. Suppose -115*i + 118*i = 42. Calculate the highest common divisor of b and i.
14
Let f(h) = 3*h - 3. Let j be f(3). Suppose 5*t - 4 = j. Suppose 16 = 2*y + 2*y - 4*v, 4*y = -t*v + 10. Calculate the highest common divisor of 21 and y.
3
Let l(q) = 334*q**2 + q. Let h be l(1). Suppose -3*c = 2*c + h. Let g = c + 121. What is the greatest common factor of 6 and g?
6
Suppose 3*x + x - 648 = 0. Suppose -z + 0*z + 45 = 0. Suppose -4*j - z = -117. Calculate the greatest common divisor of j and x.
18
Let g be 118/6 + 2/6. Let l be 1*30*(-4 + 5). Calculate the highest common divisor of g and l.
10
Let a be -1 - 2*9/(-6). Suppose -x + 14 = a*p, -3*x + 2*p = 4*p - 26. Calculate the highest common factor of x and 9.
3
Suppose 20 = -5*n, 169 = 5*b - 3*n - 403. What is the highest common divisor of b and 84?
28
Suppose 5*n + 34 - 11 = -k, 0 = -n - 5. Suppose -q - k*q + 12 = 0. Suppose -2*f + 3*g + 4 = -22, 16 = -q*g. Calculate the highest common divisor of f and 77.
7
Suppose 2*x - 23 = -6*p + 3*p, x + 16 = 4*p. What is the highest common divisor of x and 36?
4
Let n(u) = -9*u - 13. Let b be n(-3). Calculate the greatest common factor of b and 154.
14
Let a = 64 + -42. What is the greatest common factor of 55 and a?
11
Let u(h) = h - 1. Let i = 3 - -1. Let y be u(i). Suppose 0 = -y*q - q + 48. What is the highest common factor of q and 48?
12
Suppose x + 2 + 3 = 4*m, -x = -3. Let j = 2 + m. What is the highest common divisor of 8 and j?
4
Let s = 2 - 0. Let i(l) = l + 2. Let g be i(0). Suppose 3*w + t - 3 = 0, -2*t - g = 4*w - 6. Calculate the highest common divisor of w and s.
1
Suppose -4*u = -2*u - 8, -4*u + 16 = -4*b. Suppose r = 12 - b. What is the greatest common factor of r and 36?
12
Suppose 68 + 32 = 2*k. Let i = k - 26. Suppose 2 = 2*n - 4. Calculate the greatest common divisor of i and n.
3
Let q(f) be the third derivative of f**4/3 - f**3/3 - 4*f**2. Let b be q(2). Calculate the greatest common factor of b and 42.
14
Suppose -g + 51 = b, 12*b = 7*b - 4*g + 251. Calculate the greatest common factor of b and 517.
47
Let f be (-6)/(-21) - 22/7*-5. What is the greatest common factor of f and 128?
16
Let l(x) be the first derivative of -x - 1 + 0 + x**2 - 1 + 0. Let k be l(3). What is the greatest common divisor of k and 5?
5
Let d(j) = -j**3 - j**2 - j + 70. Let g be d(0). Let b(h) = 2*h - 4. Let c be b(7). What is the highest common factor of c and g?
10
Let g = 82 - 67. Calculate the highest common divisor of g and 6.
3
Suppose -4*j = 3*u - 2*u - 3, 5*u + 23 = -j. Suppose 5*l + 168 = 4*f + 3*l, -8 = j*l. What is the highest common divisor of 5 and f?
5
Suppose -x - 2*x = 0. Let o(k) = x + 3 - k - 3 + 3*k**2. Let q be o(1). Calculate the greatest common divisor of q and 4.
2
Suppose 2*m + 6 = 5*m. Suppose 48 = 5*c - c. Suppose -m*u = -0*u - c. Calculate the greatest common factor of 15 and u.
3
Let s(x) = 8*x**3 - x**2 + 3